late the greatest common factor of 76 and 268.
4
Calculate the greatest common divisor of 629 and 68.
17
What is the highest common divisor of 738 and 63?
9
Calculate the greatest common divisor of 460 and 46.
46
Calculate the greatest common divisor of 1581 and 68.
17
What is the greatest common factor of 258 and 12?
6
What is the greatest common divisor of 8192 and 48?
16
Calculate the greatest common divisor of 42 and 483.
21
Calculate the highest common factor of 261 and 116.
29
Calculate the greatest common factor of 7979 and 79.
79
What is the highest common divisor of 8 and 22?
2
What is the highest common factor of 40 and 50?
10
What is the greatest common divisor of 83 and 4399?
83
Calculate the highest common divisor of 11 and 11.
11
Calculate the greatest common divisor of 166 and 1162.
166
Calculate the highest common divisor of 105 and 21.
21
Calculate the greatest common divisor of 116 and 290.
58
What is the highest common factor of 3789 and 9?
9
Calculate the highest common factor of 658 and 14.
14
What is the highest common divisor of 22 and 55?
11
What is the greatest common divisor of 54 and 54?
54
Calculate the highest common factor of 3 and 19.
1
Calculate the highest common divisor of 3708 and 18.
18
Calculate the highest common divisor of 136 and 1564.
68
What is the greatest common divisor of 1078 and 110?
22
What is the highest common divisor of 9086 and 462?
154
Calculate the highest common divisor of 36 and 16.
4
What is the greatest common factor of 70 and 6090?
70
Calculate the greatest common factor of 111 and 1591.
37
Calculate the highest common factor of 315 and 140.
35
What is the highest common divisor of 53316 and 36?
36
What is the highest common factor of 10 and 610?
10
Calculate the greatest common factor of 5 and 15.
5
What is the greatest common divisor of 21 and 6825?
21
What is the greatest common divisor of 600 and 20280?
120
What is the greatest common factor of 15 and 360?
15
What is the greatest common factor of 903 and 2967?
129
What is the highest common factor of 5978 and 98?
98
What is the highest common factor of 2590 and 320?
10
Calculate the highest common divisor of 2880 and 1845.
45
Calculate the highest common divisor of 323 and 57.
19
Calculate the highest common divisor of 6355 and 2050.
205
Calculate the greatest common divisor of 7 and 343.
7
Calculate the highest common factor of 825 and 1575.
75
What is the highest common factor of 56 and 35?
7
Calculate the greatest common factor of 2950 and 50.
50
What is the greatest common factor of 211 and 126389?
211
What is the highest common divisor of 434 and 12214?
62
What is the highest common divisor of 25555 and 95?
95
Calculate the greatest common divisor of 574 and 7298.
82
What is the greatest common divisor of 2660 and 1463?
133
What is the greatest common factor of 10034 and 290?
58
What is the greatest common factor of 260 and 455?
65
What is the greatest common factor of 30 and 6740?
10
What is the greatest common divisor of 295 and 3186?
59
Calculate the greatest common divisor of 7870 and 20.
10
What is the highest common divisor of 408 and 153?
51
Calculate the highest common factor of 47 and 2303.
47
What is the greatest common factor of 1000 and 160?
40
What is the greatest common divisor of 6006 and 26?
26
What is the greatest common divisor of 16 and 3728?
16
Calculate the highest common divisor of 149 and 27267.
149
What is the highest common divisor of 495 and 45?
45
What is the highest common factor of 70 and 385?
35
Calculate the highest common divisor of 3488 and 545.
109
Calculate the greatest common divisor of 13 and 37.
1
Calculate the greatest common factor of 700 and 60.
20
What is the greatest common factor of 845 and 10?
5
What is the greatest common divisor of 177 and 2183?
59
Calculate the greatest common divisor of 7358 and 4.
2
Calculate the highest common divisor of 1155 and 4015.
55
What is the greatest common factor of 560 and 210?
70
Calculate the greatest common factor of 11 and 4.
1
What is the highest common factor of 252 and 140?
28
What is the greatest common divisor of 3 and 11?
1
Calculate the greatest common factor of 15 and 145.
5
What is the greatest common divisor of 633 and 6541?
211
What is the highest common divisor of 22 and 14?
2
What is the greatest common factor of 9 and 33?
3
Calculate the greatest common factor of 18 and 19539.
9
What is the greatest common factor of 20 and 5660?
20
What is the highest common divisor of 99 and 36?
9
Calculate the highest common divisor of 130 and 26.
26
Calculate the greatest common factor of 150 and 950.
50
Calculate the highest common factor of 437 and 608.
19
Calculate the greatest common factor of 132 and 708.
12
What is the greatest common factor of 428 and 749?
107
Calculate the highest common divisor of 1111 and 2.
1
What is the highest common divisor of 273 and 4719?
39
What is the greatest common factor of 425 and 375?
25
Calculate the greatest common factor of 128 and 64.
64
What is the highest common divisor of 19 and 247?
19
Calculate the highest common divisor of 10 and 3110.
10
What is the greatest common divisor of 246 and 30?
6
Calculate the highest common factor of 126 and 28.
14
What is the greatest common divisor of 149 and 23393?
149
Calculate the greatest common divisor of 2736 and 144.
144
What is the highest common factor of 102 and 7106?
34
Calculate the highest common divisor of 12 and 90.
6
What is the highest common divisor of 110 and 290?
10
Calculate the greatest common divisor of 5888 and 23.
23
What is the greatest common divisor of 16 and 752?
16
Calculate the highest common divisor of 22 and 33.
11
Calculate the greatest common divisor of 6685 and 350.
35
Calculate the greatest common divisor of 374 and 66.
22
What is the highest common divisor of 18 and 618?
6
What is the highest common divisor of 16 and 10?
2
What is the highest common factor of 36 and 78588?
36
Calculate the highest common factor of 31 and 217.
31
What is the greatest common factor of 1733 and 3?
1
Calculate the greatest common factor of 21 and 161.
7
What is the greatest common factor of 50 and 270?
10
What is the highest common factor of 377 and 29?
29
What is the highest common divisor of 5 and 755?
5
What is the greatest common divisor of 17 and 2?
1
What is the highest common divisor of 825 and 1875?
75
Calculate the greatest common factor of 135 and 1155.
15
Calculate the greatest common divisor of 528 and 112.
16
What is the highest common factor of 10 and 170?
10
What is the greatest common factor of 279 and 36?
9
What is the greatest common factor of 123612 and 12?
12
Calculate the greatest common factor of 20 and 95.
5
What is the highest common divisor of 366 and 244?
122
What is the highest common factor of 30 and 310?
10
Calculate the highest common factor of 10 and 1070.
10
Calculate the greatest common factor of 232 and 21054.
58
Calculate the greatest common divisor of 216 and 24.
24
What is the greatest common divisor of 594 and 27?
27
What is the highest common factor of 20 and 30560?
20
Calculate the highest common factor of 10 and 4830.
10
What is the greatest common divisor of 5836 and 16?
4
What is the highest common divisor of 5890 and 380?
190
Calculate the highest common divisor of 800 and 2672.
16
What is the highest common factor of 160 and 4000?
160
Calculate the greatest common divisor of 13977 and 9.
9
What is the greatest common divisor of 28 and 5404?
28
Calculate the highest common divisor of 1029 and 42.
21
What is the highest common divisor of 8550 and 25?
25
What is the highest common divisor of 11 and 22?
11
What is the highest common factor of 40 and 560?
40
Calculate the highest common divisor of 1506 and 54.
6
Calculate the greatest common divisor of 17 and 5831.
17
What is the greatest common divisor of 33 and 737?
11
What is the greatest common factor of 16391 and 74?
37
Calculate the greatest common divisor of 8955 and 45.
45
What is the highest common divisor of 56 and 25844?
28
What is the highest common divisor of 737 and 154?
11
Calculate the highest common factor of 120 and 255.
15
What is the greatest common factor of 319 and 29?
29
What is the highest common divisor of 29925 and 190?
95
Calcul